 common factor of 10320 and 160.
80
What is the greatest common divisor of 88 and 23980?
44
What is the greatest common factor of 238 and 287?
7
Calculate the highest common factor of 120 and 1860.
60
What is the greatest common divisor of 82 and 2214?
82
Calculate the highest common factor of 159 and 9381.
159
Calculate the highest common factor of 51 and 150144.
51
What is the highest common factor of 160 and 10?
10
What is the greatest common factor of 11 and 281?
1
Calculate the highest common divisor of 425 and 25.
25
Calculate the greatest common divisor of 1 and 43.
1
Calculate the highest common divisor of 30 and 24.
6
What is the highest common factor of 176 and 16?
16
Calculate the highest common divisor of 42 and 234.
6
What is the highest common divisor of 2535 and 75?
15
What is the greatest common factor of 22 and 94?
2
Calculate the highest common factor of 27 and 21.
3
What is the greatest common factor of 252 and 45?
9
Calculate the highest common factor of 2015 and 65.
65
Calculate the highest common factor of 13440 and 630.
210
Calculate the greatest common factor of 216 and 99.
9
Calculate the highest common divisor of 492 and 24.
12
What is the greatest common factor of 560 and 1820?
140
What is the highest common divisor of 1339 and 206?
103
Calculate the greatest common divisor of 609 and 24.
3
What is the highest common factor of 20 and 12?
4
What is the highest common factor of 264 and 198?
66
What is the highest common divisor of 333 and 45?
9
What is the highest common factor of 14 and 2933?
7
Calculate the highest common factor of 286 and 676.
26
What is the greatest common divisor of 497 and 14?
7
Calculate the highest common divisor of 6 and 10.
2
What is the highest common divisor of 26288 and 744?
248
Calculate the highest common divisor of 646 and 26809.
323
Calculate the greatest common divisor of 368 and 48.
16
What is the highest common divisor of 4745 and 325?
65
What is the greatest common factor of 3381 and 161?
161
What is the highest common divisor of 2052 and 27?
27
What is the highest common divisor of 8 and 232?
8
What is the highest common divisor of 93 and 2511?
93
What is the highest common divisor of 20 and 1460?
20
What is the greatest common divisor of 68 and 1751?
17
What is the highest common divisor of 208 and 32?
16
What is the greatest common divisor of 27 and 54?
27
What is the highest common factor of 1995 and 1425?
285
Calculate the greatest common divisor of 260 and 65.
65
What is the highest common factor of 28 and 1162?
14
Calculate the highest common divisor of 234 and 26.
26
Calculate the greatest common factor of 8 and 1112.
8
Calculate the highest common divisor of 702 and 208.
26
Calculate the highest common divisor of 12551 and 77.
77
Calculate the highest common divisor of 132 and 13376.
44
Calculate the greatest common divisor of 46 and 69.
23
Calculate the highest common factor of 8 and 36.
4
What is the greatest common factor of 4982 and 47?
47
Calculate the greatest common factor of 329 and 188.
47
Calculate the highest common divisor of 34 and 1088.
34
What is the highest common divisor of 37 and 10508?
37
What is the greatest common divisor of 44 and 4?
4
What is the highest common divisor of 16275 and 155?
155
Calculate the greatest common divisor of 14 and 14336.
14
What is the highest common factor of 43 and 129?
43
Calculate the highest common divisor of 23 and 23.
23
Calculate the highest common factor of 14592 and 24.
24
What is the greatest common factor of 1184 and 32?
32
What is the greatest common divisor of 360 and 12?
12
What is the highest common factor of 34 and 17?
17
Calculate the highest common factor of 1079 and 26.
13
What is the greatest common factor of 10 and 30?
10
Calculate the highest common divisor of 8500 and 68.
68
What is the greatest common factor of 44 and 28?
4
What is the highest common factor of 49 and 21?
7
Calculate the highest common divisor of 16146 and 108.
54
What is the greatest common divisor of 2825 and 226?
113
What is the greatest common factor of 22 and 10?
2
Calculate the highest common factor of 14 and 434.
14
Calculate the highest common factor of 106 and 8.
2
Calculate the greatest common divisor of 56 and 28.
28
What is the greatest common divisor of 440 and 1240?
40
What is the greatest common divisor of 5317 and 52?
13
Calculate the highest common divisor of 22487 and 597.
199
What is the highest common divisor of 43173 and 108?
27
Calculate the greatest common factor of 7 and 112.
7
Calculate the greatest common factor of 38 and 1406.
38
What is the greatest common divisor of 6 and 102?
6
Calculate the highest common factor of 14 and 1099.
7
Calculate the greatest common divisor of 7947 and 36.
9
Calculate the greatest common factor of 137 and 1.
1
What is the highest common factor of 13450 and 50?
50
What is the highest common divisor of 9 and 5?
1
What is the highest common factor of 6 and 78?
6
What is the highest common divisor of 23730 and 42?
42
What is the greatest common factor of 64 and 176?
16
What is the highest common factor of 24 and 276?
12
What is the greatest common factor of 2060 and 60?
20
What is the highest common factor of 400 and 1240?
40
What is the greatest common factor of 23 and 1403?
23
What is the greatest common factor of 4477 and 121?
121
Calculate the greatest common divisor of 1519 and 441.
49
What is the greatest common divisor of 76 and 418?
38
What is the highest common factor of 265 and 15?
5
Calculate the highest common factor of 36 and 192.
12
Calculate the highest common factor of 11 and 11165.
11
What is the highest common divisor of 2685 and 120?
15
Calculate the greatest common divisor of 4949 and 49.
49
Calculate the highest common factor of 153 and 2397.
51
Calculate the greatest common factor of 17 and 629.
17
Calculate the greatest common factor of 66 and 506.
22
Calculate the greatest common factor of 826 and 350.
14
What is the highest common divisor of 959 and 28?
7
Calculate the greatest common factor of 14 and 10948.
14
Calculate the highest common divisor of 40 and 2632.
8
Calculate the highest common factor of 522 and 870.
174
What is the highest common factor of 280 and 3650?
10
What is the greatest common factor of 5 and 41?
1
What is the highest common divisor of 156 and 429?
39
What is the greatest common factor of 9 and 1017?
9
Calculate the highest common factor of 77 and 2453.
11
Calculate the greatest common factor of 33 and 484.
11
Calculate the greatest common factor of 28 and 5572.
28
Calculate the greatest common factor of 108 and 135.
27
What is the highest common factor of 494 and 91?
13
What is the greatest common divisor of 4 and 168?
4
Calculate the greatest common divisor of 788 and 985.
197
What is the greatest common divisor of 297 and 2?
1
Calculate the greatest common factor of 435 and 15.
15
Calculate the greatest common factor of 900 and 180.
180
Calculate the greatest common factor of 26 and 13897.
13
Calculate the greatest common factor of 18 and 64.
2
Calculate the greatest common factor of 21 and 408.
3
What is the highest common divisor of 3912 and 48?
24
What is the highest common factor of 118809 and 387?
387
What is the greatest common divisor of 100 and 575?
25
Calculate the greatest common factor of 42 and 56.
14
Calculate the greatest common factor of 11 and 17831.
11
Calculate the greatest common factor of 8 and 100.
4
What is the greatest common divisor of 16100 and 161?
161
What is the greatest common factor of 232 and 40?
8
Calculate the greatest common divisor of 1573 and 39.
13
Calculate the greatest common factor of 782 and 322.
46
What is the greatest common factor of 11682 and 154?
22
What is the greatest common divisor of 740 and 190?
10
Calculate the greatest common divisor of 4715 and 460.
115
Calculate the greatest common divisor of 736 and 24.
8
What is the greatest common factor of 42 and 48?
6
What is the greatest common divisor of 11396 and 370?
74
Calculate the highest common factor of 256 and 24.
8
Calculate the highest common divisor of 170 and 210.
10
Calculate the highest common divisor of 135798 and 78.
78
What is the highest common divisor of 50 and 115?
5
What is the greatest common factor of 64 and 63